). Let x = j - l. What is the units digit of x?
8
Let k be -2*(5 - (-28)/(-4)). Let i be -3 + k - 1/(0 + 1). Let d(p) = -p**2 + 215. What is the tens digit of d(i)?
1
Let v = -18 + 18. Suppose f - 599 = -v*l + l, -3*l + 5*f = 1791. What is the tens digit of l/(-5) - (-20)/(-50)?
2
Let t(q) = 45*q**2 - 19*q + 1. Let d be t(-8). Suppose -279 - d = -8*o. What is the hundreds digit of o?
4
Suppose 557640 = -21*k + 81*k. What is the units digit of k?
4
Let u = -2443 + 10407. What is the tens digit of u?
6
Let b = 80 + -153. Let i = 37 + b. What is the tens digit of 1/((i/64)/(-9))?
1
Let m(x) = -x**3 + 15*x**2 - 31*x + 47. Let y be m(13). Let q(d) be the second derivative of -d**3/3 - 16*d**2 + d. What is the units digit of q(y)?
4
Let k = 898 - -8008. What is the hundreds digit of k?
9
Suppose 3*c - 5*f = -3 + 23, 8 = -2*c - 2*f. Suppose c = -5*i + 6*i - 367. What is the hundreds digit of i?
3
Let r(w) = w**3 + 9*w**2 + 10*w + 22. Let h be r(-8). What is the hundreds digit of (792/1)/h*130/15?
1
Suppose -5*k = 610 - 20. Let s = -39 - k. Suppose 15*d - 14*d = s. What is the units digit of d?
9
Let v(z) = -87*z**3 - 44*z**2 + 13*z - 40. What is the units digit of v(-8)?
4
Suppose -5*m - 13037 = -17*m + 59119. What is the thousands digit of m?
6
Let f = 359 + -359. Suppose -5*k - 4*d + 934 = f, -563 = k - 4*k - 5*d. What is the units digit of k?
6
Let w be (-3)/((135/950)/(-9)). Suppose 527 = 3*u + f, -u + w = -3*f + 1. Let i = 261 - u. What is the tens digit of i?
8
Suppose -x = 2*j + 8, 4*x = -2*j + j - 25. Let o be x/9 - 164/(-12). What is the tens digit of (-133)/(-2) + o/(-26)?
6
Let n(v) = -3*v - 58. Let m be n(-24). Suppose -3*a = m*a - 7497. What is the hundreds digit of a?
4
Let s = -231 - -461. Let y(g) = g**2 - 16*g - 78. Let p be y(-8). Let t = s - p. What is the hundreds digit of t?
1
Suppose 0*n = -4*n + 1196. Let s be -6 + 11/(-5) + (-20)/(-100). What is the units digit of n/(-39)*(-1 + s)?
9
Let d be (1 - 8)*-1 - 7. Suppose 6*w - 509 - 2803 = d. What is the units digit of w?
2
Let c(x) = 330*x**3 + 27*x**2 + 15*x - 12. What is the tens digit of c(4)?
0
Let w = 908 - 927. What is the tens digit of 61764/40 + w/190?
4
Suppose -16*c = 3*c - 18259. Suppose 5*s + c = 3*g, 0 = 10*g - 6*g - 2*s - 1286. What is the tens digit of g?
2
Suppose -4*g = 4*k + 32, 0 = 5*g + 3*k + 5 + 25. Let r(v) = 522*v + 2. Let f(x) = -56*x. Let s(j) = 10*f(j) + r(j). What is the hundreds digit of s(g)?
1
Let t(n) = n + 85. Let x be t(-24). What is the hundreds digit of (80/1)/(x/366)?
4
Let j be -1*2 + (-117)/(-3). Let a = j - 35. Suppose -2*p + 68 = a*m, 5 - 2 = p. What is the units digit of m?
1
What is the tens digit of (-2)/17 + (10485566/578 - -10)?
5
Suppose -3*l + 45 = v, -12*l + 7*l + 5*v = -75. What is the tens digit of (-170)/(-17)*492/l?
2
Let s = -5572 + 7429. What is the thousands digit of s?
1
Let d(l) = -l**3 - 13*l**2 - 15*l - 38. Let j be d(-12). What is the units digit of (3 - ((4 - 3) + j)) + 251?
5
Let c = 327 + -162. Suppose -189 = 2*t - 2*d + 51, 3*t + 355 = 4*d. Let f = c + t. What is the units digit of f?
0
Let f = -13 - -101. Let j = 298 - f. What is the tens digit of j?
1
Suppose 39*h - 793048 = -17*h + 808440. What is the units digit of h?
8
Let i be 4/6 - 71162/(-42). Let c = i - 549. What is the units digit of c?
6
Let p be (-6)/27 - 2*1/(-9). Suppose 5*a - a - 12 = p. What is the tens digit of (-18)/(6/(-189)*a)?
8
Let j = 11395 - 6098. What is the units digit of j?
7
Let o(m) = 9*m**3 + 4*m**2 - 2*m + 2. Let q be o(3). Let h = -7389 - -7291. Let i = h + q. What is the units digit of i?
7
Let r(s) = 1753*s**3 + 33*s**2 - s - 12. What is the thousands digit of r(3)?
7
Let l = -1703 + 2351. What is the units digit of l?
8
Suppose -5 = -9*r + 4. Suppose -s = r, 2*m + 3*m = -5*s + 15. What is the units digit of (-3)/(1748/440 - m)?
0
Suppose -2349543 + 2204068 = -208*f + 10468349. What is the thousands digit of f?
1
Let z(g) = -2*g**2 + 3*g - 2. Let q be z(2). Let b be (-1)/q + 758/8. Suppose -4*x + b = -29. What is the tens digit of x?
3
Suppose -195*h + 196*h - 4*o = 18986, 2*h - 37944 = o. What is the ten thousands digit of h?
1
What is the ten thousands digit of 260/195*(-9)/8*-11716?
1
Let t(l) = -l + 43. Let x(c) = c**2 - 23*c + 4. Let y be x(23). Suppose y = 3*r - 68. What is the tens digit of t(r)?
1
Let s = -122 + 140. What is the hundreds digit of ((-12)/s)/((-10)/3765)?
2
Suppose 68*k = -3*t + 67*k + 6910, 3*t = -5*k + 6902. What is the tens digit of t?
0
Let k = 700 + -513. Let a = 579 + k. What is the units digit of a?
6
Suppose 407 = 3*l + 68. Let t(o) = -279*o. Let p be t(-1). Let k = p - l. What is the units digit of k?
6
Let l(w) = -1 + 5 + 0 - 3*w. Let f be l(3). Let g(o) = 2*o**2 - 4*o - 9. What is the tens digit of g(f)?
6
Let s(o) = -5*o - 7. Let q be s(-2). Suppose -57 - 162 = -q*l. Suppose -5*k - l = -m, -4*m - 5*k = -2*k - 407. What is the tens digit of m?
9
Suppose 2*i - 320*y - 1440 = -318*y, y = 5. What is the hundreds digit of i?
7
Suppose -4*j + 7*f - 6105 = -9*j, 0 = -2*j - 5*f + 2442. What is the thousands digit of j?
1
Suppose -641623 = -250*t + 3440627. What is the thousands digit of t?
6
Let d(q) = 2*q**2 + 8*q - 13. Let v be d(-7). Let s = 32 - v. Suppose -s*b - 710 = -5*c + 2*b, 0 = -4*b. What is the tens digit of c?
4
Let n = -12 - -15. Let y(h) = -h + 8*h**2 + 7*h - h**3 - n*h - 2*h**2 + 6. What is the tens digit of y(5)?
4
Suppose -z = -3*j + 108880, -6*j - z + 181480 = -j. What is the tens digit of j?
9
Let d(k) = 69*k**2 - k - 3. Let p(a) = -344*a**2 + 4*a + 18. Let v(z) = 11*d(z) + 2*p(z). Let m = -5 + 6. What is the tens digit of v(m)?
7
Suppose 9*v = v - 6821 + 53181. What is the hundreds digit of v?
7
Suppose -12*m = -10*m - 1652. Let r = m - 562. Suppose -10*f = -14*f + r. What is the units digit of f?
6
Let t(g) = -102*g**3 - 10*g**2 + 69*g + 466. What is the units digit of t(-7)?
9
Suppose -5*n - 1206 = 3*q, -39*q + 35*q - 960 = 4*n. Suppose -2*u - 806 = -o, -2*o = 3*o - 10. Let v = n - u. What is the tens digit of v?
5
Let w be (-9)/(-15) + 12642/105. Let z = 9 - 18. Let y = z + w. What is the hundreds digit of y?
1
Let l(n) = 2*n**2 + 44*n - 150. What is the hundreds digit of l(38)?
4
Let b = -253 + 232. Let l(w) = 7*w + 2. Let m be l(-2). Let p = m - b. What is the units digit of p?
9
What is the tens digit of 35/28*(-10 + 2)*4402/(-4)?
0
Let v = -101 - 47. What is the units digit of (v/8)/(1/(-2))?
7
Suppose -4*s + 3672 = -2*x, -s + 4*x + 669 = -270. What is the tens digit of s?
1
Let x = -8 + -24. Let g(s) = s**2 + 61*s + 44. Let n be g(-52). What is the hundreds digit of n/x*8/(1/1)?
1
Suppose s + 101 - 103 = 0. Suppose 0*a + a = s*k - 307, 2*k - 301 = -5*a. What is the hundreds digit of k?
1
Let o(b) = -5*b + 32. Let k be o(6). Suppose 4*u - u + 1752 = 4*a, 1297 = 3*a + k*u. What is the tens digit of a?
3
Let k(c) = -2*c**2 + 25*c - 22. Let m be k(10). Suppose m*h - 4023 = -4*d + 29*h, 0 = 3*h + 9. What is the thousands digit of d?
1
What is the units digit of (-4)/(80/5) - (-722351)/28?
8
Let g(z) = z**3 - 10*z**2 + 25*z - 25. Let w be g(7). What is the units digit of (-375 + 1)*(w - 14/4)?
7
Let g(j) be the first derivative of -j**4/4 - 2*j**3 + 3*j - 3. Let x be g(-6). Suppose -x*b = -145 - 38. What is the tens digit of b?
6
Suppose 6*v = v + 1885. Suppose -3*k - 1706 = -v. Let f = -143 - k. What is the units digit of f?
0
What is the tens digit of -1 - (1989632/(-80) - (1 + 35/(-25)))?
6
What is the units digit of 267423/25 + 54*52/35100?
7
Let g(t) = -372*t - 11. Suppose 0 = 4*b + 13 + 3, -4*u + 2*b = -4. What is the tens digit of g(u)?
6
Suppose -53*g - 20*g = -1395795 - 1569903. What is the hundreds digit of g?
6
Let d(f) = 2*f**3 + 6*f + 4. Let u be d(0). What is the tens digit of 400/((2/u)/(6/12))?
0
Let j(m) be the second derivative of m**5/24 - m**4/2 + 13*m**3/6 - 5*m. Let c(z) be the second derivative of j(z). What is the units digit of c(7)?
3
Let w(j) = -7010*j - 101. What is the tens digit of w(-1)?
0
What is the units digit of (-10 - (10 - 2553)) + (-6 - -15)?
2
Suppose 5*j = 5*f + 25, 4*f = j + 2*j - 15. Suppose -g = -2*q - 1, -2*q - 2*g = -f*g - 14. What is the units digit of q?
2
Suppose 0 = 74*a - 33*a - 274659. What is the thousands digit of a?
6
Suppose 